factors of k.
2, 3
Suppose p - 139 = 2*i - 5*i, 3*i - 4*p = 119. What are the prime factors of i?
3, 5
Let h(g) = 6*g + 18. What are the prime factors of h(4)?
2, 3, 7
Let w(c) = 3*c - 7. Let z(f) = 65*f - 155. Let t(i) = -45*w(i) + 2*z(i). List the prime factors of t(-4).
5
Let l(n) = n + 2*n**2 - 3*n**2 + 2*n**2. Let h be l(0). What are the prime factors of h/(-7) - (1 + -4)?
3
Let d(n) = n**2 + 10*n + 7. Let w(t) = -t**2 - t. Let a be w(2). Let z be (20/a)/((-5)/(-15)). What are the prime factors of d(z)?
7
Suppose -2*a + 4*a = 4*i - 298, a - 226 = -3*i. Suppose -5*y = n - i, 4*y - 22 - 38 = 3*n. What are the prime factors of y?
3, 5
Let o = -12 + 37. List the prime factors of o.
5
What are the prime factors of (-6)/(-21) - (-19)/7?
3
Suppose q - b - 12 + 2 = 0, q - 15 = 2*b. What are the prime factors of q?
5
Let g(v) = v**3 - 15*v**2 + 6*v - 4. List the prime factors of g(15).
2, 43
Let p be (39/6)/(1/(-2)). Let j = p - -19. List the prime factors of j.
2, 3
Let v = -138 + 171. List the prime factors of v.
3, 11
Let u = 15 + -11. Let o = 3 + u. List the prime factors of o.
7
Let w be 2/6*1*0. Suppose -q - 4*c + 2 = 0, w = -2*c + 1 - 7. What are the prime factors of q?
2, 7
Let b(t) = -3*t - 96 + t**3 - 2*t**2 + 8*t**2 + 100. What are the prime factors of b(-5)?
2, 11
Let r = 22 - -74. Let c be (-2)/(-1) + r/2. Suppose -6*z + z + c = 0. What are the prime factors of z?
2, 5
Suppose m + 2 = 4. Suppose 0 = 5*r + 15, -m*k - 2*r + 0 = 4. Suppose 2*n = k + 5. List the prime factors of n.
3
Let f(p) = 2*p**3 - 1. Let o be f(1). Let w be -6*(2/3)/o. Let k = w + 6. List the prime factors of k.
2
Let k(r) = 2*r**2 - 3*r. Suppose -2*v = 3*v - 10. Let g be k(v). Suppose -8 = s - 3*s, 4*l + g*s - 32 = 0. List the prime factors of l.
2, 3
Let u(j) = -j + 6. Let a be u(6). Suppose a = 4*t - 5*t + 30. What are the prime factors of t?
2, 3, 5
Suppose u + 46 = -3*v - 3, 2*u + 113 = -3*v. Let t = u + 115. What are the prime factors of t?
3, 17
Suppose -a - 2*s = -s + 3, 0 = 5*a - 2*s + 8. Let p = -26 + 15. Let k = a - p. List the prime factors of k.
3
Let w = 14 - -170. Suppose -w + 60 = -4*v. List the prime factors of v.
31
Let h(g) = g - 4. Let j be h(4). Suppose 4*d = -3*c - 13, -d - 3 - 3 = -2*c. Let t = j - d. What are the prime factors of t?
2
Let r = 0 + 4. Let a be -2 + 2/r*0. List the prime factors of (-1 - 0)/(a/4).
2
Suppose 4*a = -5*k - 62, -4*a = 2*k - 1 + 33. Let u(f) = -3*f - 24. What are the prime factors of u(k)?
2, 3
Let w(b) = -5*b - 8. Let k be w(-4). Let s = k + -10. List the prime factors of s.
2
Let s = 20 - 18. What are the prime factors of s?
2
Let h(l) = l**3 + 15*l**2 + 9*l - 21. List the prime factors of h(-12).
3, 101
Suppose -28 = 3*q - 7*q. What are the prime factors of (-46)/(-3) + q/(-21)?
3, 5
Let v(f) = -2*f**3 - 5*f**2 - f + 2. Let g be v(-3). List the prime factors of 10/5*g/4.
7
Let n be 0 + 2 + -7 - -2. Let a be (2 - 0 - n)/1. Let j = a - 2. What are the prime factors of j?
3
Let v(l) = l**3 - 5*l**2 - 7*l + 6. Let p be v(6). Suppose -4*r + 43 - 3 = p. Suppose 0 = -5*c - r, 2*k + 2*c - 27 + 7 = 0. List the prime factors of k.
2, 3
Let r be 1/4 + 21/12. Suppose r = 2*g - 4*g, 3*u + 5*g - 58 = 0. List the prime factors of u.
3, 7
Let d(o) = 3*o - 1. Suppose -44 = -4*u - 0*u. Let j be d(u). What are the prime factors of ((-9)/2)/((-12)/j)?
2, 3
What are the prime factors of 126/10 - (-2)/5?
13
Let k = 1 - -2. Suppose 2*b - 16 = 5*o - o, 0 = -5*b - k*o + 1. List the prime factors of b.
2
Suppose -99 - 13 = -2*x - 3*a, -a = 4*x - 204. What are the prime factors of x?
2, 5
Let t(w) be the third derivative of -17*w**4/24 + 2*w**3/3 - 10*w**2. What are the prime factors of t(-2)?
2, 19
List the prime factors of 4/(-1) + (-3 - -203).
2, 7
Suppose 2*u + 3*u + 55 = 0. Let m = 71 + u. Suppose k - m = -3*k. List the prime factors of k.
3, 5
Let x(w) be the first derivative of 3*w**2/2 + 1. Let l be x(5). Suppose -3*r - 14 = -i, 3*i + r + 3 = l. What are the prime factors of i?
5
Suppose 2*z + 0*z - 8 = 0. Suppose 40 - 10 = g - 3*n, z*g = 3*n + 84. List the prime factors of g.
2, 3
Let z(b) = 7*b**2 - 9*b - 5. List the prime factors of z(-3).
5, 17
Let q(s) be the third derivative of s**5/60 + s**4/6 - s**3/2 + 2*s**2. What are the prime factors of q(-7)?
2, 3
Suppose p = -1 + 5. Suppose -9 = 3*j - p*j. List the prime factors of j.
3
What are the prime factors of (-5*4)/(-2) + (-3 - -3)?
2, 5
Suppose -16 - 11 = -3*t. Let z = -4 + t. List the prime factors of z.
5
Let z = 18 - 5. List the prime factors of z.
13
Suppose u + 2*u = -5*p - 13, 5*u = 20. Let d = -6 - p. List the prime factors of (0 - d) + 27/3.
2, 5
Let o be 6/(-9)*(-60)/(-8). Let u(b) = b**2 + 3*b + 4. List the prime factors of u(o).
2, 7
Suppose 5*y + 5*p - 12 = 28, -y - 12 = -3*p. Suppose -5*h = -y*m + 6, -3*h - 8 = -3*m - 2. What are the prime factors of (m - 1*-13) + -2?
13
Let a(x) = 9*x**2 + 6*x - 5. What are the prime factors of a(1)?
2, 5
Suppose 12 + 18 = 3*d. Suppose d*k - 130 = 5*k. What are the prime factors of k?
2, 13
What are the prime factors of 6354/15 + (-4)/(-10)?
2, 53
Let p be (67/(-2))/((-2)/(-4)). Let g = -46 - p. List the prime factors of g.
3, 7
Suppose -3*s = 2*x - 15, 3*x + 44 = 2*s + 3*s. List the prime factors of s.
7
Suppose 0 = -5*g - 10, 0 = -5*m + 2*g + 250 + 74. List the prime factors of m.
2
Let v be (-3 - -9)/((-6)/(-4)). List the prime factors of ((-10)/(-15))/(v/246).
41
Let q(y) = 2*y**2 + y + 22. List the prime factors of q(0).
2, 11
Let n(k) = k - 3. Let j be n(3). Suppose l - 3 = j, -w - 2*l + 3 = -2*w. Suppose -w*f = 26 - 77. What are the prime factors of f?
17
Let b(j) = j**2 + 262. Let u be b(0). Suppose -82 = 6*d - u. List the prime factors of d.
2, 3, 5
What are the prime factors of (-3 - 9)*50/(-3)?
2, 5
Let n be (-4)/1*(-3)/4. Let g be (-1)/n + 26/6. Let q = g - -2. What are the prime factors of q?
2, 3
Let l(w) = 1 + 1 - 10*w + 0 + 4. List the prime factors of l(-3).
2, 3
Let t(c) = 6*c - 37. What are the prime factors of t(9)?
17
Suppose 2*p = -4*w + 116, w = 5*w - 20. Suppose -y - y + 4*f + 24 = 0, 3*y - p = 3*f. List the prime factors of y.
2, 5
What are the prime factors of -2*(-3 + (-4)/(-8))?
5
Suppose -u - 35 = 5*z - 102, -z - 226 = -4*u. List the prime factors of u.
3, 19
Let r = 3 - 3. Suppose -9 = -3*c - r*c. What are the prime factors of c?
3
Let k(i) = -5*i + 0*i + 0*i. Suppose 2 = -2*v - 0. List the prime factors of k(v).
5
Let t = -64 + 309. What are the prime factors of t?
5, 7
Let f(y) = 9*y**3 + y**2 + 4*y - 7. List the prime factors of f(3).
257
Suppose 12 = 5*c + j - 6, -4*c - 5*j + 6 = 0. What are the prime factors of (-1)/c + (-50)/(-8)?
2, 3
Let v(j) = 15*j**3 - j + 1. Let o be 3/6*0 - -1. What are the prime factors of v(o)?
3, 5
Let d = 66 + -38. List the prime factors of d.
2, 7
Let a be 6/9 - 8/(-6). Let t = a - -10. Suppose 4*m - 3*w - 7 = 0, 3*m = -w + t + 3. List the prime factors of m.
2
Let v = -15 - -44. What are the prime factors of v?
29
Suppose -5*r = 2*z - 381, -3*r - 4*z + 163 = -60. What are the prime factors of r?
7, 11
Let m(d) = -d**2 + d. Let l(a) = -a**3 - 8*a**2 + 10*a + 5. Let g(u) = -l(u) - 2*m(u). What are the prime factors of g(-11)?
2, 3
Let c(h) = 5*h**2 - 4 - 2*h + 2*h + 14 - h**3. What are the prime factors of c(5)?
2, 5
Let y(t) = t - 7. Suppose 0 = -5*g + 67 - 2. List the prime factors of y(g).
2, 3
Suppose -5*m + 0*m + 340 = 0. Let c = -17 + 22. Suppose -r - m = -c*r. What are the prime factors of r?
17
Let o(v) = -4*v - 8. Let b = -10 + 5. List the prime factors of o(b).
2, 3
Suppose -2*p + 209 = 5*m, -4*p + 41 = 2*m - 337. What are the prime factors of p?
2, 23
Let n(a) = a**2 + 3*a + 5. Let s be n(-4). Suppose 4*t = s*t - 55. What are the prime factors of t?
11
Let t(w) = 4*w**2 - 5*w + 1. List the prime factors of t(-3).
2, 13
Let d(t) = t + 9. Let k be d(-6). Let w = k - 0. Suppose 32 = b + w*b. What are the prime factors of b?
2
Let i(d) = -d**2 + 5*d + 2. Let k be i(4). Suppose 20 = k*p - p. Suppose j = 5*j + 3*n - 50, -p*j + 48 = 2*n. What are the prime factors of j?
11
Let a = -7 + 7. Suppose 0 = 4*u - 2*s - 126, s - 7 + 2 = a. What are the prime factors of u?
2, 17
Let z(i) = i**2 + 5*i + 4. Let d be z(-4). Suppose 80 = -d*r + 5*r. List the prime factors